{"id":476,"date":"2021-05-12T10:43:11","date_gmt":"2021-05-12T13:43:11","guid":{"rendered":"https:\/\/dev.createstorm.com.br\/cambuhy\/?page_id=476"},"modified":"2023-10-26T17:02:57","modified_gmt":"2023-10-26T20:02:57","slug":"nova-home","status":"publish","type":"page","link":"https:\/\/dev.createstorm.com.br\/cambuhy\/","title":{"rendered":"Home"},"content":{"rendered":"\n<h2 class=\"wp-block-heading\">Refer\u00eancia de produtividade agr\u00edcola.<\/h2>\n\n\n\n<p>A Cambuhy Agr\u00edcola \u00e9 uma empresa do grupo Moreira Salles e atua como um importante centro de produtividade e tecnologia agr\u00edcola.<\/p>\n\n\n\n<p>Localizada no munic\u00edpio de Mat\u00e3o, na regi\u00e3o central do estado de S\u00e3o Paulo, possui mais de 14.124 hectares de \u00e1rea,  sendo 41% das terras destinadas ao plantio da laranja, 26% ao plantio de cana-de-a\u00e7\u00facar e 33% correspondem \u00e0 \u00e1rea de floresta nativa e APPs (\u00e1reas de preserva\u00e7\u00e3o permanentes).<\/p>\n","protected":false},"excerpt":{"rendered":"<p>Refer\u00eancia de produtividade agr\u00edcola. A Cambuhy Agr\u00edcola \u00e9 uma empresa do grupo Moreira Salles e atua como um importante centro de produtividade e tecnologia agr\u00edcola. Localizada no munic\u00edpio de Mat\u00e3o, na regi\u00e3o central do estado de S\u00e3o Paulo, possui mais de 14.124 hectares de \u00e1rea, sendo 41% das terras destinadas ao plantio da laranja, 26% [&hellip;]<\/p>\n","protected":false},"author":2,"featured_media":0,"parent":0,"menu_order":0,"comment_status":"closed","ping_status":"closed","template":"page-home.php","meta":{"footnotes":""},"_links":{"self":[{"href":"https:\/\/dev.createstorm.com.br\/cambuhy\/wp-json\/wp\/v2\/pages\/476"}],"collection":[{"href":"https:\/\/dev.createstorm.com.br\/cambuhy\/wp-json\/wp\/v2\/pages"}],"about":[{"href":"https:\/\/dev.createstorm.com.br\/cambuhy\/wp-json\/wp\/v2\/types\/page"}],"author":[{"embeddable":true,"href":"https:\/\/dev.createstorm.com.br\/cambuhy\/wp-json\/wp\/v2\/users\/2"}],"replies":[{"embeddable":true,"href":"https:\/\/dev.createstorm.com.br\/cambuhy\/wp-json\/wp\/v2\/comments?post=476"}],"version-history":[{"count":1,"href":"https:\/\/dev.createstorm.com.br\/cambuhy\/wp-json\/wp\/v2\/pages\/476\/revisions"}],"predecessor-version":[{"id":1296,"href":"https:\/\/dev.createstorm.com.br\/cambuhy\/wp-json\/wp\/v2\/pages\/476\/revisions\/1296"}],"wp:attachment":[{"href":"https:\/\/dev.createstorm.com.br\/cambuhy\/wp-json\/wp\/v2\/media?parent=476"}],"curies":[{"name":"wp","href":"https:\/\/api.w.org\/{rel}","templated":true}]}}