{"id":1075,"date":"2022-09-11T11:57:05","date_gmt":"2022-09-11T14:57:05","guid":{"rendered":"https:\/\/dev.createstorm.com.br\/cambuhy\/?page_id=1075"},"modified":"2024-01-15T11:48:38","modified_gmt":"2024-01-15T14:48:38","slug":"novas-tecnologias","status":"publish","type":"page","link":"https:\/\/dev.createstorm.com.br\/cambuhy\/novas-tecnologias\/","title":{"rendered":"NOVAS TECNOLOGIAS"},"content":{"rendered":"\r\n<div class=\"wp-block-spacer\" style=\"height: 25px;\" aria-hidden=\"true\">\u00a0<\/div>\r\n\r\n\r\n\r\n<p style=\"text-align: justify;\">Seguindo a tend\u00eancia global, a Cambuhy est\u00e1 tra\u00e7ando o caminho da evolu\u00e7\u00e3o tecnol\u00f3gica no Agro. Atualmente, tecnologias do Agro 4.0 v\u00eam inundando o mercado, muitas delas podem ser facilmente aplicadas \u00e0 cultura dos citrus e cana.<br \/>Com a vis\u00e3o sempre no futuro, a Cambuhy possui o departamento de Novas Tecnologias, que \u00e9 respons\u00e1vel por pesquisar, analisar a viabilidade e implementar novas tecnologias nos sistemas de produ\u00e7\u00e3o.<br \/>Diversas tecnologias t\u00eam sido testadas e implementadas na Cambuhy, como monitoramento de frotas (tratores), equipamentos de agricultura de precis\u00e3o, drones para pulveriza\u00e7\u00e3o, mapeamento e monitoramento das lavouras, pulverizadores aut\u00f4nomos, esta\u00e7\u00f5es meteorol\u00f3gicas de baixo custo e instala\u00e7\u00e3o de rede 4G.<\/p>\r\n\r\n<table class=\"tabela-cambuhy-consciente text-justify\">\r\n<tbody>\r\n<tr>\r\n<td>\r\n<h4>DRONES PULVERIZA\u00c7\u00c3O<\/h4>\r\n<p>Como parte da evolu\u00e7\u00e3o tecnol\u00f3gica de tratos culturais, a Cambuhy tem adotado a pulveriza\u00e7\u00e3o dos pomares com drone, o que permite maior efici\u00eancia operacional, al\u00e9m de contribuir para preserva\u00e7\u00e3o do meio ambiente, com redu\u00e7\u00e3o de at\u00e9 99,8% do uso de \u00e1gua e 90% do uso de combust\u00edveis f\u00f3sseis. A tecnologia \u00e9 recente e os par\u00e2metros de aplica\u00e7\u00e3o para citros foram validados junto com o Fundo de Defesa da Citricultura (Fundecitrus).<\/p>\r\n<\/td>\r\n<td style=\"text-align: center; vertical-align: middle;\"><img decoding=\"async\" class=\"img-fluid wp-image-1069 size-full\" src=\"https:\/\/dev.createstorm.com.br\/cambuhy\/wp-content\/uploads\/2023\/01\/Imagem-Drones-Pulverizac\u0327a\u0303o-500x500px.jpg\" alt=\"\" \/><\/td>\r\n<\/tr>\r\n<tr>\r\n<td style=\"text-align: center; vertical-align: middle;\"><img decoding=\"async\" class=\"img-fluid wp-image-1069 size-full\" src=\"https:\/\/dev.createstorm.com.br\/cambuhy\/wp-content\/uploads\/2023\/01\/Imagem-Novidades-na-Agricultura-500x500px.jpg\" alt=\"\" \/><\/td>\r\n<td>\r\n<h4>NOVIDADES NA AGRICULTURA<\/h4>\r\n<p>A Cambuhy, em parceria com a Jacto, est\u00e1 aprimorando o uso de pulverizadores aut\u00f4nomos. Atualmente, contamos com dois equipamentos conhecidos como JAV 4000. Al\u00e9m da tecnologia aut\u00f4noma, o equipamento foi desenvolvido com um sistema de pulveriza\u00e7\u00e3o mais eficiente chamado de multispray. O objetivo do desenvolvimento do JAV 4000 \u00e9 aumentar a efici\u00eancia operacional, melhorar a cobertura e deposi\u00e7\u00e3o nas plantas e, consequentemente, reduzir o uso de defensivos e \u00e1gua quando comparado aos pulverizadores convencionais.<\/p>\r\n<\/td>\r\n<\/tr>\r\n<tr>\r\n<td>\r\n<h4>PARCERIAS E CONV\u00caNIOS<\/h4>\r\n<p>A Cambuhy \u00e9 refer\u00eancia n\u00e3o somente por sua capacidade produtiva, mas tamb\u00e9m por suas parcerias, que viabilizam o correto desenvolvimento do sistema de produ\u00e7\u00e3o. Dentre os grandes parceiros est\u00e1 o Fundecitrus (Fundo de Defesa da Citricultura), institui\u00e7\u00e3o refer\u00eancia em pesquisa em citricultura. V\u00e1rias das pesquisas e eventos realizados na Cambuhy ocorrem em parceria com essa importante institui\u00e7\u00e3o. Al\u00e9m do Fundecitrus, s\u00e3o nossos parceiros no desenvolvimento de pesquisas: IAC (Instituto Agron\u00f4mico de Campinas), UNESP (Universidade Estadual Paulista) e USP\/ESALQ (Universidade de S\u00e3o Paulo\/Escola Superior de Agricultura Luiz de Queiroz).<\/p>\r\n<p><img decoding=\"async\" class=\"img-fluid wp-image-1136 size-full\" src=\"https:\/\/dev.createstorm.com.br\/cambuhy\/wp-content\/uploads\/2023\/01\/Screenshot-2023-01-04-at-16.25.26.png\" alt=\"\" \/><\/p>\r\n<\/td>\r\n<td style=\"text-align: center; vertical-align: middle;\"><img decoding=\"async\" class=\"img-fluid wp-image-1136 size-full\" src=\"https:\/\/dev.createstorm.com.br\/cambuhy\/wp-content\/uploads\/2023\/01\/Imagem-Parcerias-e-Convenios-500x320px.jpg\" alt=\"\" \/><\/td>\r\n<\/tr>\r\n<\/tbody>\r\n<\/table>\r\n\r\n<p>&nbsp;<\/p>\r\n","protected":false},"excerpt":{"rendered":"<p>Seguindo a tend\u00eancia global, a Cambuhy est\u00e1 tra\u00e7ando o caminho da evolu\u00e7\u00e3o tecnol\u00f3gica no Agro. Atualmente, tecnologias do Agro 4.0 v\u00eam inundando o mercado, muitas delas podem ser facilmente aplicadas \u00e0 cultura dos citrus e cana.Com a vis\u00e3o sempre no futuro, a Cambuhy possui o departamento de Novas Tecnologias, que \u00e9 respons\u00e1vel por pesquisar, analisar [&hellip;]<\/p>\n","protected":false},"author":2,"featured_media":1078,"parent":0,"menu_order":0,"comment_status":"closed","ping_status":"closed","template":"page-novas-tecnologias.php","meta":{"footnotes":""},"_links":{"self":[{"href":"https:\/\/dev.createstorm.com.br\/cambuhy\/wp-json\/wp\/v2\/pages\/1075"}],"collection":[{"href":"https:\/\/dev.createstorm.com.br\/cambuhy\/wp-json\/wp\/v2\/pages"}],"about":[{"href":"https:\/\/dev.createstorm.com.br\/cambuhy\/wp-json\/wp\/v2\/types\/page"}],"author":[{"embeddable":true,"href":"https:\/\/dev.createstorm.com.br\/cambuhy\/wp-json\/wp\/v2\/users\/2"}],"replies":[{"embeddable":true,"href":"https:\/\/dev.createstorm.com.br\/cambuhy\/wp-json\/wp\/v2\/comments?post=1075"}],"version-history":[{"count":2,"href":"https:\/\/dev.createstorm.com.br\/cambuhy\/wp-json\/wp\/v2\/pages\/1075\/revisions"}],"predecessor-version":[{"id":1386,"href":"https:\/\/dev.createstorm.com.br\/cambuhy\/wp-json\/wp\/v2\/pages\/1075\/revisions\/1386"}],"wp:featuredmedia":[{"embeddable":true,"href":"https:\/\/dev.createstorm.com.br\/cambuhy\/wp-json\/wp\/v2\/media\/1078"}],"wp:attachment":[{"href":"https:\/\/dev.createstorm.com.br\/cambuhy\/wp-json\/wp\/v2\/media?parent=1075"}],"curies":[{"name":"wp","href":"https:\/\/api.w.org\/{rel}","templated":true}]}}