{"id":1066,"date":"2022-09-11T11:50:00","date_gmt":"2022-09-11T14:50:00","guid":{"rendered":"https:\/\/dev.createstorm.com.br\/cambuhy\/?page_id=1066"},"modified":"2024-01-23T11:00:48","modified_gmt":"2024-01-23T14:00:48","slug":"carreiras","status":"publish","type":"page","link":"https:\/\/dev.createstorm.com.br\/cambuhy\/carreiras\/","title":{"rendered":"CARREIRAS"},"content":{"rendered":"\n<div class=\"wp-block-spacer\" style=\"height: 25px;\" aria-hidden=\"true\">\u00a0<\/div>\n\n\n<h4 class=\"p1\" style=\"text-align: center;\">Transmiss\u00e3o de conhecimento que proporciona desenvolvimento<\/h4>\n<p class=\"ml-3\">\n<p class=\"ml-3\"><a style=\"text-decoration: underline;\" href=\"https:\/\/www.linkedin.com\/company\/cambuhy-agr-cola-ltda\" target=\"_blank\" rel=\"noopener\">Acesse o Linkedin e confira nossas vagas<\/a><\/p>\n<table class=\"tabela-cambuhy-consciente text-justify\">\n<tbody>\n<tr>\n<td style=\"width: 70%;\">\n<h4>PROGRAMA DE APRENDIZAGEM<\/h4>\n<p>O Programa de Aprendizagem tem por objetivo a inclus\u00e3o de jovens de 15 a 24 anos no mercado de trabalho. Conta com a parceria de institui\u00e7\u00f5es formadoras legalmente qualificadas, proporcionando o desenvolvimento dos jovens atrav\u00e9s de aulas te\u00f3ricas e pr\u00e1ticas. Nosso objetivo \u00e9 contribuir para a forma\u00e7\u00e3o profissional, pessoal e social do aprendiz de forma a prepar\u00e1-lo e a torn\u00e1-lo apto para o mercado de trabalho.<\/p>\n<\/td>\n<td style=\"text-align: center; vertical-align: middle;\"><img decoding=\"async\" class=\"img-fluid alignright wp-image-1069 size-full\" src=\"https:\/\/dev.createstorm.com.br\/cambuhy\/wp-content\/uploads\/2023\/01\/Imagem-Programa-Jovem-Aprendiz-500x500px.jpg\" \/><\/td>\n<\/tr>\n<\/tbody>\n<\/table>\n\n\n<div class=\"wp-block-spacer\" style=\"height: 30px;\" aria-hidden=\"true\">\u00a0<\/div>\n\n\n\n<div class=\"row mx-2\">\r\n<div class=\"col-4 col-md-2\"><img decoding=\"async\" class=\"img-fluid\" src=\"https:\/\/dev.createstorm.com.br\/cambuhy\/wp-content\/uploads\/2023\/01\/Depoimento-Aprendiz-1-Lais-Ribeiro.jpg\" \/><\/div>\r\n<div class=\"col-8 col-md-4\">\r\n<p align=\"justify\">\u201cMinha experi\u00eancia como aprendiz na Cambuhy foi como um divisor de \u00e1guas, pois com todo o conhecimento que adquiri, consegui decidir em que \u00e1rea queria me desenvolver profissionalmente. Gra\u00e7as a essa oportunidade, pude evoluir na \u00e1rea da tecnologia e como pessoa. Estou muito feliz de ter chegado at\u00e9 aqui e me tornado a pessoa que sou!\u201d<\/p>\r\n<p><i>Lais Firmo da Silva Ribeiro, T\u00e9cnico de T.I, foi aprendiz em 2017.<\/i><\/p>\r\n<\/div>\r\n<div class=\"col-4 col-md-2\"><img decoding=\"async\" class=\"img-fluid\" src=\"https:\/\/dev.createstorm.com.br\/cambuhy\/wp-content\/uploads\/2023\/01\/Depoimento-Aprendiz-2-Ricardo-Ladeira.jpg\" \/><\/div>\r\n<div class=\"col-8 col-md-4\">\r\n<p align=\"justify\">\u201cMe sinto muito feliz em fazer parte do time Cambuhy! Comecei como aprendiz, tive a oportunidade de ser efetivado e hoje sou grato pelo privil\u00e9gio de trabalhar nesta empresa.\u201d<\/p>\r\n<p><i>Ricardo Ribeiro Ladeira, Mec\u00e2nico II, foi aprendiz em 2018\/2019.<\/i><\/p>\r\n<\/div>\r\n<\/div>\n\n\n<p>&nbsp;<\/p>\n<table class=\"tabela-cambuhy-consciente text-justify\">\n<tbody>\n<tr>\n<td style=\"text-align: center; vertical-align: middle;\"><img decoding=\"async\" class=\"img-fluid alignright wp-image-1069 size-full\" src=\"https:\/\/dev.createstorm.com.br\/cambuhy\/wp-content\/uploads\/2023\/01\/Imagem-Programa-de-Esta\u0301gio-500x500px.jpg\" \/><\/td>\n<td style=\"width: 70%;\">\n<h4>PROGRAMA DE EST\u00c1GIO<\/h4>\n<p>Recrutar e capacitar futuros profissionais, possibilitando a descoberta de talentos e assegurando a longevidade dos valores difundidos pela Cambuhy: esses s\u00e3o os objetivos do Programa de Est\u00e1gios, que oferece oportunidades para os estudantes do ano da gradua\u00e7\u00e3o. O Programa \u00e9 uma grande ferramenta para a difus\u00e3o do conhecimento, uma vez que aproxima o cotidiano profissional \u00e0 viv\u00eancia acad\u00eamica. Anualmente, disponibilizamos vagas nas \u00e1reas Administrativas, Ambiental, Agr\u00edcolas e de Mecaniza\u00e7\u00e3o.<\/p>\n<\/td>\n<\/tr>\n<\/tbody>\n<\/table>\n<p>&nbsp;<\/p>\n\n\n<div class=\"wp-block-spacer\" style=\"height: 40px;\" aria-hidden=\"true\">\u00a0<\/div>\n\n\n\n<div class=\"row mx-2\">\r\n<div class=\"col-4 col-md-2\"><img decoding=\"async\" class=\"img-fluid\" src=\"https:\/\/dev.createstorm.com.br\/cambuhy\/wp-content\/uploads\/2023\/01\/Depoimento-Estagiario-1-Leticia-Pivetta.jpg\" \/><\/div>\r\n<div class=\"col-8 col-md-4\">\r\n<p align=\"justify\">\u201cEstagiar na Cambuhy \u00e9 fomentar o conhecimento te\u00f3rico e adquirir a pr\u00e1tica ideal para o in\u00edcio da carreira. Estar em contato, todos os dias, com a diversidade de pessoas, pr\u00e1ticas de manejo, tecnologia mais recente no campo, promove o constante crescimento pessoal e toda a equipe.\u201d<\/p>\r\n<p><i>Let\u00edcia Pivetta, T\u00e9cnico Administrativo Trainee, foi estagi\u00e1ria no Programa de Est\u00e1gios safra- 21\/22.<\/i><\/p>\r\n<\/div>\r\n<div class=\"col-4 col-md-2\"><img decoding=\"async\" class=\"img-fluid\" src=\"https:\/\/dev.createstorm.com.br\/cambuhy\/wp-content\/uploads\/2023\/01\/Depoimento-Estagiario-2-Daniel-Fiaes.jpg\" \/><\/div>\r\n<div class=\"col-8 col-md-4\">\r\n<p align=\"justify\">\u201cNesse t\u00e3o pouco tempo de Cambuhy, posso dizer que essa empresa \u00e9 uma verdadeira escola, onde podemos exercer na pr\u00e1tica tudo que aprendemos. E com profissionais t\u00e3o qualificados, interessados em ensinar, e um ambiente t\u00e3o agrad\u00e1vel, fica f\u00e1cil se desenvolver e crescer pessoal e profissionalmente. Tem sido uma experi\u00eancia incr\u00edvel e diferenciada, espero um dia compor o time de efetivos.\u201d<\/p>\r\n<p><i>Daniel de Sousa Fiaes, Estagi\u00e1rio da \u00e1rea Ambiental, Programa de Est\u00e1gio safra 22\/23.<\/i><\/p>\r\n<\/div>\r\n<\/div>\n\n\n<table class=\"tabela-cambuhy-consciente text-justify\">\n<tbody>\n<tr>\n<td style=\"width: 70%;\">\n<h4>PROGRAMA DE TRAINEE<\/h4>\n<p>A Cambuhy oferece oportunidades para rec\u00e9m-formados na gradua\u00e7\u00e3o (1 a 2 anos), que est\u00e3o em in\u00edcio de carreira, com o objetivo de desenvolver seus potenciais e colaborar com o crescimento profissional atrav\u00e9s da pr\u00e1tica.<\/p>\n<\/td>\n<td style=\"text-align: center; vertical-align: middle;\"><img decoding=\"async\" class=\"img-fluid alignright wp-image-1069 size-full\" src=\"https:\/\/dev.createstorm.com.br\/cambuhy\/wp-content\/uploads\/2023\/01\/Imagem-Programa-de-Trainee-500x500px.jpg\" \/><\/td>\n<\/tr>\n<\/tbody>\n<\/table>\n<p>&nbsp;<\/p>\n\n\n<div class=\"wp-block-spacer\" style=\"height: 47px;\" aria-hidden=\"true\">\u00a0<\/div>\n\n\n\n<div class=\"row mx-2\">\r\n<div class=\"col-4 col-md-2\"><img decoding=\"async\" class=\"img-fluid\" src=\"https:\/\/dev.createstorm.com.br\/cambuhy\/wp-content\/uploads\/2023\/01\/Depoimento-Trainee-1-Leonardo-Doring.jpg\" \/><\/div>\r\n<div class=\"col-8 col-md-4\">\r\n<p align=\"justify\">\u201cO Programa de Trainee realizado na Cambuhy Agr\u00edcola foi muito importante para aprimorar meu conhecimento t\u00e9cnico, entender melhor a din\u00e2mica dos processos administrativos e operacionais. Foi a porta de entrada para novas oportunidades de crescimento profissional dentro da empresa.\u201d<\/p>\r\n<p><i>Leonardo Jo\u00e3o Rivera Doring, Supervisor Agr\u00edcola, foi Trainee em 2017.<\/i><\/p>\r\n<\/div>\r\n<div class=\"col-4 col-md-2\"><img decoding=\"async\" class=\"img-fluid\" src=\"https:\/\/dev.createstorm.com.br\/cambuhy\/wp-content\/uploads\/2023\/01\/Depoimento-Trainee-2-Leticia-Justiniano.jpg\" \/><\/div>\r\n<div class=\"col-8 col-md-4\">\r\n<p align=\"justify\">\u201cAtuar como trainee, nesse um ano, foi uma experi\u00eancia que nunca imaginaria em ter oportunidade. Foi um ano de muito esfor\u00e7o e experi\u00eancias novas. Considero que foi um per\u00edodo que evolui muito e aprendi tamb\u00e9m. S\u00f3 tenho a agradecer a oportunidade de atuar nessa \u00e1rea.\u201d<\/p>\r\n<p><i>Leticia Justiniano, Trainee na \u00e1rea de RDC, foi aprendiz em 2018.<\/i><\/p>\r\n<\/div>\r\n<\/div>\n\n\n\n<div class=\"wp-block-spacer\" style=\"height: 41px;\" aria-hidden=\"true\">\u00a0<\/div>\n\n\n<table class=\"text-justify tabela-cambuhy-consciente\">\n<tbody>\n<tr>\n<td style=\"text-align: left; vertical-align: middle;\"><img decoding=\"async\" class=\"img-fluid wp-image-1069 size-full\" src=\"https:\/\/dev.createstorm.com.br\/cambuhy\/wp-content\/uploads\/2023\/01\/Imagem-Escola-de-Tratoristas-500x500px.jpg\" \/><\/td>\n<td style=\"width: 70%;\">\n<h4>ESCOLA DE TRATORISTAS<\/h4>\n<p>A Escola de Tratorista \u00e9 um programa de treinamento cujo objetivo \u00e9 qualificar funcion\u00e1rios e a comunidade, tornando-os aptos a executar tarefas ligadas \u00e0 opera\u00e7\u00e3o de tratores e implementos rurais. A empresa conta com duas modalidades de Escola de Tratoristas:<\/p>\n<ul>\n<li>\u00a0<span style=\"font-family: inherit; font-size: inherit; font-weight: inherit;\">voltada para a qualifica\u00e7\u00e3o do p\u00fablico interno, proporcionando novos passos na carreira profissional;<\/span><\/li>\n<li class=\"p1\"><span style=\"font-family: inherit; font-weight: inherit;\">direcionada para a comunidade, visando qualific\u00e1-la para futuras oportunidades.<\/span><\/li>\n<\/ul>\n<\/td>\n<\/tr>\n<\/tbody>\n<\/table>\n\n\n<p>&nbsp;<\/p>\n\n\n\n<div class=\"row mx-2\">\n<div class=\"col-4 col-md-2\"><img decoding=\"async\" class=\"img-fluid\" src=\"https:\/\/dev.createstorm.com.br\/cambuhy\/wp-content\/uploads\/2023\/01\/Depoimentos-Escola-de-Tratoristas-1-Rosangela-da-Silva.jpg\" \/><\/div>\n<div class=\"col-8 col-md-4\">\n<p align=\"justify\">\u201cSou grata a todas as oportunidades que a empresa me deu. Iniciei trabalhando na colheita de citrus, participei do recrutamento interno para ser inspetora de pragas e fui aprovada. Depois me inscrevi e fui selecionada para participar da escolinha de tratorista e hoje, Gra\u00e7as a Deus, tenho a oportunidade de trabalhar como tratorista na empresa. Sou grata a todos os profissionais que me ensinaram na escolinha e procuro sempre dar o meu melhor.\u201d<\/p>\n<p><i>Rosangela Ferreira da Silva, Tratorista, participou da escola de tratoristas em 2019.<\/i><\/p>\n<\/div>\n<div class=\"col-4 col-md-2\"><img decoding=\"async\" class=\"img-fluid\" src=\"https:\/\/dev.createstorm.com.br\/cambuhy\/wp-content\/uploads\/2024\/01\/lucas-meira.jpg\" \/><\/div>\n<div class=\"col-8 col-md-4\">\n<p align=\"justify\">\u201cQuero agradecer a empresa pela oportunidade de estar aqui e o privil\u00e9gio de participar da escolinha de tratoristas, que me proporcionou o crescimento profissional e com isso alcan\u00e7ar o cargo de operador de m\u00e1quinas. Sou muito grato a todos os profissionais envolvidos e que me apoiaram todos esses anos.\u201d<\/p>\n<p><i>Lucas Meira da Silva, Operador de M\u00e1quinas, participou da escola de tratoristas em 2017.<\/i><\/p>\n<\/div>\n<\/div>\n\n\n\n<p>&nbsp;<\/p>\n","protected":false},"excerpt":{"rendered":"<p>Transmiss\u00e3o de conhecimento que proporciona desenvolvimento Acesse o Linkedin e confira nossas vagas PROGRAMA DE APRENDIZAGEM O Programa de Aprendizagem tem por objetivo a inclus\u00e3o de jovens de 15 a 24 anos no mercado de trabalho. Conta com a parceria de institui\u00e7\u00f5es formadoras legalmente qualificadas, proporcionando o desenvolvimento dos jovens atrav\u00e9s de aulas te\u00f3ricas e [&hellip;]<\/p>\n","protected":false},"author":2,"featured_media":1101,"parent":0,"menu_order":0,"comment_status":"closed","ping_status":"closed","template":"page-default.php","meta":{"footnotes":""},"_links":{"self":[{"href":"https:\/\/dev.createstorm.com.br\/cambuhy\/wp-json\/wp\/v2\/pages\/1066"}],"collection":[{"href":"https:\/\/dev.createstorm.com.br\/cambuhy\/wp-json\/wp\/v2\/pages"}],"about":[{"href":"https:\/\/dev.createstorm.com.br\/cambuhy\/wp-json\/wp\/v2\/types\/page"}],"author":[{"embeddable":true,"href":"https:\/\/dev.createstorm.com.br\/cambuhy\/wp-json\/wp\/v2\/users\/2"}],"replies":[{"embeddable":true,"href":"https:\/\/dev.createstorm.com.br\/cambuhy\/wp-json\/wp\/v2\/comments?post=1066"}],"version-history":[{"count":3,"href":"https:\/\/dev.createstorm.com.br\/cambuhy\/wp-json\/wp\/v2\/pages\/1066\/revisions"}],"predecessor-version":[{"id":1420,"href":"https:\/\/dev.createstorm.com.br\/cambuhy\/wp-json\/wp\/v2\/pages\/1066\/revisions\/1420"}],"wp:featuredmedia":[{"embeddable":true,"href":"https:\/\/dev.createstorm.com.br\/cambuhy\/wp-json\/wp\/v2\/media\/1101"}],"wp:attachment":[{"href":"https:\/\/dev.createstorm.com.br\/cambuhy\/wp-json\/wp\/v2\/media?parent=1066"}],"curies":[{"name":"wp","href":"https:\/\/api.w.org\/{rel}","templated":true}]}}

<div class="wp-block-spacer" style="height: 25px;" aria-hidden="true"> </div>


<h4 class="p1" style="text-align: center;">Transmissão de conhecimento que proporciona desenvolvimento</h4>
<p class="ml-3">
<p class="ml-3"><a style="text-decoration: underline;" href="https://www.linkedin.com/company/cambuhy-agr-cola-ltda" target="_blank" rel="noopener">Acesse o Linkedin e confira nossas vagas</a></p>
<table class="tabela-cambuhy-consciente text-justify">
<tbody>
<tr>
<td style="width: 70%;">
<h4>PROGRAMA DE APRENDIZAGEM</h4>
<p>O Programa de Aprendizagem tem por objetivo a inclusão de jovens de 15 a 24 anos no mercado de trabalho. Conta com a parceria de instituições formadoras legalmente qualificadas, proporcionando o desenvolvimento dos jovens através de aulas teóricas e práticas. Nosso objetivo é contribuir para a formação profissional, pessoal e social do aprendiz de forma a prepará-lo e a torná-lo apto para o mercado de trabalho.</p>
</td>
<td style="text-align: center; vertical-align: middle;"><img decoding="async" class="img-fluid alignright wp-image-1069 size-full" src="https://dev.createstorm.com.br/cambuhy/wp-content/uploads/2023/01/Imagem-Programa-Jovem-Aprendiz-500x500px.jpg" /></td>
</tr>
</tbody>
</table>


<div class="wp-block-spacer" style="height: 30px;" aria-hidden="true"> </div>



<div class="row mx-2">
<div class="col-4 col-md-2"><img decoding="async" class="img-fluid" src="https://dev.createstorm.com.br/cambuhy/wp-content/uploads/2023/01/Depoimento-Aprendiz-1-Lais-Ribeiro.jpg" /></div>
<div class="col-8 col-md-4">
<p align="justify">“Minha experiência como aprendiz na Cambuhy foi como um divisor de águas, pois com todo o conhecimento que adquiri, consegui decidir em que área queria me desenvolver profissionalmente. Graças a essa oportunidade, pude evoluir na área da tecnologia e como pessoa. Estou muito feliz de ter chegado até aqui e me tornado a pessoa que sou!”</p>
<p><i>Lais Firmo da Silva Ribeiro, Técnico de T.I, foi aprendiz em 2017.</i></p>
</div>
<div class="col-4 col-md-2"><img decoding="async" class="img-fluid" src="https://dev.createstorm.com.br/cambuhy/wp-content/uploads/2023/01/Depoimento-Aprendiz-2-Ricardo-Ladeira.jpg" /></div>
<div class="col-8 col-md-4">
<p align="justify">“Me sinto muito feliz em fazer parte do time Cambuhy! Comecei como aprendiz, tive a oportunidade de ser efetivado e hoje sou grato pelo privilégio de trabalhar nesta empresa.”</p>
<p><i>Ricardo Ribeiro Ladeira, Mecânico II, foi aprendiz em 2018/2019.</i></p>
</div>
</div>


<p>&nbsp;</p>
<table class="tabela-cambuhy-consciente text-justify">
<tbody>
<tr>
<td style="text-align: center; vertical-align: middle;"><img decoding="async" class="img-fluid alignright wp-image-1069 size-full" src="https://dev.createstorm.com.br/cambuhy/wp-content/uploads/2023/01/Imagem-Programa-de-Estágio-500x500px.jpg" /></td>
<td style="width: 70%;">
<h4>PROGRAMA DE ESTÁGIO</h4>
<p>Recrutar e capacitar futuros profissionais, possibilitando a descoberta de talentos e assegurando a longevidade dos valores difundidos pela Cambuhy: esses são os objetivos do Programa de Estágios, que oferece oportunidades para os estudantes do ano da graduação. O Programa é uma grande ferramenta para a difusão do conhecimento, uma vez que aproxima o cotidiano profissional à vivência acadêmica. Anualmente, disponibilizamos vagas nas áreas Administrativas, Ambiental, Agrícolas e de Mecanização.</p>
</td>
</tr>
</tbody>
</table>
<p>&nbsp;</p>


<div class="wp-block-spacer" style="height: 40px;" aria-hidden="true"> </div>



<div class="row mx-2">
<div class="col-4 col-md-2"><img decoding="async" class="img-fluid" src="https://dev.createstorm.com.br/cambuhy/wp-content/uploads/2023/01/Depoimento-Estagiario-1-Leticia-Pivetta.jpg" /></div>
<div class="col-8 col-md-4">
<p align="justify">“Estagiar na Cambuhy é fomentar o conhecimento teórico e adquirir a prática ideal para o início da carreira. Estar em contato, todos os dias, com a diversidade de pessoas, práticas de manejo, tecnologia mais recente no campo, promove o constante crescimento pessoal e toda a equipe.”</p>
<p><i>Letícia Pivetta, Técnico Administrativo Trainee, foi estagiária no Programa de Estágios safra- 21/22.</i></p>
</div>
<div class="col-4 col-md-2"><img decoding="async" class="img-fluid" src="https://dev.createstorm.com.br/cambuhy/wp-content/uploads/2023/01/Depoimento-Estagiario-2-Daniel-Fiaes.jpg" /></div>
<div class="col-8 col-md-4">
<p align="justify">“Nesse tão pouco tempo de Cambuhy, posso dizer que essa empresa é uma verdadeira escola, onde podemos exercer na prática tudo que aprendemos. E com profissionais tão qualificados, interessados em ensinar, e um ambiente tão agradável, fica fácil se desenvolver e crescer pessoal e profissionalmente. Tem sido uma experiência incrível e diferenciada, espero um dia compor o time de efetivos.”</p>
<p><i>Daniel de Sousa Fiaes, Estagiário da área Ambiental, Programa de Estágio safra 22/23.</i></p>
</div>
</div>


<table class="tabela-cambuhy-consciente text-justify">
<tbody>
<tr>
<td style="width: 70%;">
<h4>PROGRAMA DE TRAINEE</h4>
<p>A Cambuhy oferece oportunidades para recém-formados na graduação (1 a 2 anos), que estão em início de carreira, com o objetivo de desenvolver seus potenciais e colaborar com o crescimento profissional através da prática.</p>
</td>
<td style="text-align: center; vertical-align: middle;"><img decoding="async" class="img-fluid alignright wp-image-1069 size-full" src="https://dev.createstorm.com.br/cambuhy/wp-content/uploads/2023/01/Imagem-Programa-de-Trainee-500x500px.jpg" /></td>
</tr>
</tbody>
</table>
<p>&nbsp;</p>


<div class="wp-block-spacer" style="height: 47px;" aria-hidden="true"> </div>



<div class="row mx-2">
<div class="col-4 col-md-2"><img decoding="async" class="img-fluid" src="https://dev.createstorm.com.br/cambuhy/wp-content/uploads/2023/01/Depoimento-Trainee-1-Leonardo-Doring.jpg" /></div>
<div class="col-8 col-md-4">
<p align="justify">“O Programa de Trainee realizado na Cambuhy Agrícola foi muito importante para aprimorar meu conhecimento técnico, entender melhor a dinâmica dos processos administrativos e operacionais. Foi a porta de entrada para novas oportunidades de crescimento profissional dentro da empresa.”</p>
<p><i>Leonardo João Rivera Doring, Supervisor Agrícola, foi Trainee em 2017.</i></p>
</div>
<div class="col-4 col-md-2"><img decoding="async" class="img-fluid" src="https://dev.createstorm.com.br/cambuhy/wp-content/uploads/2023/01/Depoimento-Trainee-2-Leticia-Justiniano.jpg" /></div>
<div class="col-8 col-md-4">
<p align="justify">“Atuar como trainee, nesse um ano, foi uma experiência que nunca imaginaria em ter oportunidade. Foi um ano de muito esforço e experiências novas. Considero que foi um período que evolui muito e aprendi também. Só tenho a agradecer a oportunidade de atuar nessa área.”</p>
<p><i>Leticia Justiniano, Trainee na área de RDC, foi aprendiz em 2018.</i></p>
</div>
</div>



<div class="wp-block-spacer" style="height: 41px;" aria-hidden="true"> </div>


<table class="text-justify tabela-cambuhy-consciente">
<tbody>
<tr>
<td style="text-align: left; vertical-align: middle;"><img decoding="async" class="img-fluid wp-image-1069 size-full" src="https://dev.createstorm.com.br/cambuhy/wp-content/uploads/2023/01/Imagem-Escola-de-Tratoristas-500x500px.jpg" /></td>
<td style="width: 70%;">
<h4>ESCOLA DE TRATORISTAS</h4>
<p>A Escola de Tratorista é um programa de treinamento cujo objetivo é qualificar funcionários e a comunidade, tornando-os aptos a executar tarefas ligadas à operação de tratores e implementos rurais. A empresa conta com duas modalidades de Escola de Tratoristas:</p>
<ul>
<li> <span style="font-family: inherit; font-size: inherit; font-weight: inherit;">voltada para a qualificação do público interno, proporcionando novos passos na carreira profissional;</span></li>
<li class="p1"><span style="font-family: inherit; font-weight: inherit;">direcionada para a comunidade, visando qualificá-la para futuras oportunidades.</span></li>
</ul>
</td>
</tr>
</tbody>
</table>


<p>&nbsp;</p>



<div class="row mx-2">
<div class="col-4 col-md-2"><img decoding="async" class="img-fluid" src="https://dev.createstorm.com.br/cambuhy/wp-content/uploads/2023/01/Depoimentos-Escola-de-Tratoristas-1-Rosangela-da-Silva.jpg" /></div>
<div class="col-8 col-md-4">
<p align="justify">“Sou grata a todas as oportunidades que a empresa me deu. Iniciei trabalhando na colheita de citrus, participei do recrutamento interno para ser inspetora de pragas e fui aprovada. Depois me inscrevi e fui selecionada para participar da escolinha de tratorista e hoje, Graças a Deus, tenho a oportunidade de trabalhar como tratorista na empresa. Sou grata a todos os profissionais que me ensinaram na escolinha e procuro sempre dar o meu melhor.”</p>
<p><i>Rosangela Ferreira da Silva, Tratorista, participou da escola de tratoristas em 2019.</i></p>
</div>
<div class="col-4 col-md-2"><img decoding="async" class="img-fluid" src="https://dev.createstorm.com.br/cambuhy/wp-content/uploads/2024/01/lucas-meira.jpg" /></div>
<div class="col-8 col-md-4">
<p align="justify">“Quero agradecer a empresa pela oportunidade de estar aqui e o privilégio de participar da escolinha de tratoristas, que me proporcionou o crescimento profissional e com isso alcançar o cargo de operador de máquinas. Sou muito grato a todos os profissionais envolvidos e que me apoiaram todos esses anos.”</p>
<p><i>Lucas Meira da Silva, Operador de Máquinas, participou da escola de tratoristas em 2017.</i></p>
</div>
</div>



<p>&nbsp;</p>

<p>Transmissão de conhecimento que proporciona desenvolvimento Acesse o Linkedin e confira nossas vagas PROGRAMA DE APRENDIZAGEM O Programa de Aprendizagem tem por objetivo a inclusão de jovens de 15 a 24 anos no mercado de trabalho. Conta com a parceria de instituições formadoras legalmente qualificadas, proporcionando o desenvolvimento dos jovens através de aulas teóricas e [&hellip;]</p>
